{"id":4,"date":"2021-10-21T16:59:45","date_gmt":"2021-10-21T16:59:45","guid":{"rendered":"https:\/\/zapopradzie.pl\/?page_id=4"},"modified":"2023-06-21T09:27:09","modified_gmt":"2023-06-21T07:27:09","slug":"home-page-1","status":"publish","type":"page","link":"https:\/\/zapopradzie.pl\/","title":{"rendered":"Strona g\u0142\u00f3wna"},"content":{"rendered":"<p><div class=\"fusion-fullwidth fullwidth-box fusion-builder-row-1 fusion-flex-container has-pattern-background has-mask-background hundred-percent-fullwidth non-hundred-percent-height-scrolling\" style=\"--awb-border-radius-top-left:0px;--awb-border-radius-top-right:0px;--awb-border-radius-bottom-right:0px;--awb-border-radius-bottom-left:0px;--awb-flex-wrap:wrap;\" ><div class=\"fusion-builder-row fusion-row fusion-flex-align-items-flex-start fusion-flex-content-wrap\" style=\"width:104% !important;max-width:104% !important;margin-left: calc(-4% \/ 2 );margin-right: calc(-4% \/ 2 );\"><div class=\"fusion-layout-column fusion_builder_column fusion-builder-column-0 fusion_builder_column_1_1 1_1 fusion-flex-column\" style=\"--awb-bg-size:cover;--awb-width-large:100%;--awb-margin-top-large:0px;--awb-spacing-right-large:0px;--awb-margin-bottom-large:0px;--awb-spacing-left-large:0px;--awb-width-medium:100%;--awb-order-medium:0;--awb-spacing-right-medium:0px;--awb-spacing-left-medium:0px;--awb-width-small:100%;--awb-order-small:0;--awb-spacing-right-small:1.92%;--awb-spacing-left-small:1.92%;\"><div class=\"fusion-column-wrapper fusion-column-has-shadow fusion-flex-justify-content-flex-start fusion-content-layout-column\"><div class=\"fusion-image-element \" style=\"--awb-caption-title-font-family:var(--h2_typography-font-family);--awb-caption-title-font-weight:var(--h2_typography-font-weight);--awb-caption-title-font-style:var(--h2_typography-font-style);--awb-caption-title-size:var(--h2_typography-font-size);--awb-caption-title-transform:var(--h2_typography-text-transform);--awb-caption-title-line-height:var(--h2_typography-line-height);--awb-caption-title-letter-spacing:var(--h2_typography-letter-spacing);\"><span class=\" fusion-imageframe imageframe-none imageframe-1 hover-type-none\"><img decoding=\"async\" width=\"2560\" height=\"1749\" title=\"\u00a9\u0141ukasz_\u015awi\u0119tach_pano_Muszyna_\" src=\"https:\/\/zapopradzie.pl\/wp-content\/uploads\/2023\/05\/\u00a9Lukasz_Swietach_pano_Muszyna_-scaled.jpg\" data-orig-src=\"https:\/\/zapopradzie.pl\/wp-content\/uploads\/2023\/05\/\u00a9Lukasz_Swietach_pano_Muszyna_-scaled.jpg\" alt class=\"lazyload img-responsive wp-image-2870\" srcset=\"data:image\/svg+xml,%3Csvg%20xmlns%3D%27http%3A%2F%2Fwww.w3.org%2F2000%2Fsvg%27%20width%3D%272560%27%20height%3D%271749%27%20viewBox%3D%270%200%202560%201749%27%3E%3Crect%20width%3D%272560%27%20height%3D%271749%27%20fill-opacity%3D%220%22%2F%3E%3C%2Fsvg%3E\" data-srcset=\"https:\/\/zapopradzie.pl\/wp-content\/uploads\/2023\/05\/\u00a9Lukasz_Swietach_pano_Muszyna_-200x137.jpg 200w, https:\/\/zapopradzie.pl\/wp-content\/uploads\/2023\/05\/\u00a9Lukasz_Swietach_pano_Muszyna_-400x273.jpg 400w, https:\/\/zapopradzie.pl\/wp-content\/uploads\/2023\/05\/\u00a9Lukasz_Swietach_pano_Muszyna_-600x410.jpg 600w, https:\/\/zapopradzie.pl\/wp-content\/uploads\/2023\/05\/\u00a9Lukasz_Swietach_pano_Muszyna_-800x547.jpg 800w, https:\/\/zapopradzie.pl\/wp-content\/uploads\/2023\/05\/\u00a9Lukasz_Swietach_pano_Muszyna_-1200x820.jpg 1200w, https:\/\/zapopradzie.pl\/wp-content\/uploads\/2023\/05\/\u00a9Lukasz_Swietach_pano_Muszyna_-scaled.jpg 2560w\" data-sizes=\"auto\" data-orig-sizes=\"(max-width: 800px) 100vw, 2560px\" \/><\/span><\/div><div class=\"fusion-text fusion-text-1\"><p class=\"sp_size\"><strong class=\"sp_size\">Centrum Rekreacji i Sportu Zapopradzie<\/strong> &#8211; to kompleks rekreacji wodnej z grotami sztucznej fali, jacuzzi, zje\u017cd\u017calniami i brodzikiem dla dzieci (z bajkowymi fontannami i aquazorbingiem). Zach\u0119camy r\u00f3wnie\u017c do korzystania z mini parku linowego, toru przeszk\u00f3d, dmuchanych zje\u017cd\u017cali, a tak\u017ce z basenu z pi\u0142eczkami dla najm\u0142odszych. Obiekt posiada r\u00f3wnie\u017c boisko do siatk\u00f3wki oraz zewn\u0119trzne sto\u0142y do tenisa. Na terenie obiektu mo\u017cna skorzysta\u0107 z pola do gry w minigolfa, a tak\u017ce wypo\u017cyczy\u0107 rower elektryczny lub gokarty.<\/p>\n<div class=\"clear sp_size\"><\/div>\n<\/div><div class=\"fusion-image-element \" style=\"--awb-caption-title-font-family:var(--h2_typography-font-family);--awb-caption-title-font-weight:var(--h2_typography-font-weight);--awb-caption-title-font-style:var(--h2_typography-font-style);--awb-caption-title-size:var(--h2_typography-font-size);--awb-caption-title-transform:var(--h2_typography-text-transform);--awb-caption-title-line-height:var(--h2_typography-line-height);--awb-caption-title-letter-spacing:var(--h2_typography-letter-spacing);\"><span class=\" fusion-imageframe imageframe-none imageframe-2 hover-type-none\"><img decoding=\"async\" width=\"2048\" height=\"1534\" title=\"345453331_1312376809348790_3528736780744735032_n\" src=\"https:\/\/zapopradzie.pl\/wp-content\/uploads\/2023\/05\/345453331_1312376809348790_3528736780744735032_n.jpg\" data-orig-src=\"https:\/\/zapopradzie.pl\/wp-content\/uploads\/2023\/05\/345453331_1312376809348790_3528736780744735032_n.jpg\" alt class=\"lazyload img-responsive wp-image-2776\" srcset=\"data:image\/svg+xml,%3Csvg%20xmlns%3D%27http%3A%2F%2Fwww.w3.org%2F2000%2Fsvg%27%20width%3D%272048%27%20height%3D%271534%27%20viewBox%3D%270%200%202048%201534%27%3E%3Crect%20width%3D%272048%27%20height%3D%271534%27%20fill-opacity%3D%220%22%2F%3E%3C%2Fsvg%3E\" data-srcset=\"https:\/\/zapopradzie.pl\/wp-content\/uploads\/2023\/05\/345453331_1312376809348790_3528736780744735032_n-200x150.jpg 200w, https:\/\/zapopradzie.pl\/wp-content\/uploads\/2023\/05\/345453331_1312376809348790_3528736780744735032_n-400x300.jpg 400w, https:\/\/zapopradzie.pl\/wp-content\/uploads\/2023\/05\/345453331_1312376809348790_3528736780744735032_n-600x449.jpg 600w, https:\/\/zapopradzie.pl\/wp-content\/uploads\/2023\/05\/345453331_1312376809348790_3528736780744735032_n-800x599.jpg 800w, https:\/\/zapopradzie.pl\/wp-content\/uploads\/2023\/05\/345453331_1312376809348790_3528736780744735032_n-1200x899.jpg 1200w, https:\/\/zapopradzie.pl\/wp-content\/uploads\/2023\/05\/345453331_1312376809348790_3528736780744735032_n.jpg 2048w\" data-sizes=\"auto\" data-orig-sizes=\"(max-width: 800px) 100vw, 2048px\" \/><\/span><\/div><\/div><\/div><\/div><\/div><\/p>\n","protected":false},"excerpt":{"rendered":"","protected":false},"author":1,"featured_media":0,"parent":0,"menu_order":0,"comment_status":"closed","ping_status":"closed","template":"100-width.php","meta":{"footnotes":""},"class_list":["post-4","page","type-page","status-publish","hentry"],"_links":{"self":[{"href":"https:\/\/zapopradzie.pl\/index.php\/wp-json\/wp\/v2\/pages\/4","targetHints":{"allow":["GET"]}}],"collection":[{"href":"https:\/\/zapopradzie.pl\/index.php\/wp-json\/wp\/v2\/pages"}],"about":[{"href":"https:\/\/zapopradzie.pl\/index.php\/wp-json\/wp\/v2\/types\/page"}],"author":[{"embeddable":true,"href":"https:\/\/zapopradzie.pl\/index.php\/wp-json\/wp\/v2\/users\/1"}],"replies":[{"embeddable":true,"href":"https:\/\/zapopradzie.pl\/index.php\/wp-json\/wp\/v2\/comments?post=4"}],"version-history":[{"count":70,"href":"https:\/\/zapopradzie.pl\/index.php\/wp-json\/wp\/v2\/pages\/4\/revisions"}],"predecessor-version":[{"id":3067,"href":"https:\/\/zapopradzie.pl\/index.php\/wp-json\/wp\/v2\/pages\/4\/revisions\/3067"}],"wp:attachment":[{"href":"https:\/\/zapopradzie.pl\/index.php\/wp-json\/wp\/v2\/media?parent=4"}],"curies":[{"name":"wp","href":"https:\/\/api.w.org\/{rel}","templated":true}]}}