{"id":3203,"date":"2025-09-03T13:37:19","date_gmt":"2025-09-03T11:37:19","guid":{"rendered":"https:\/\/zapopradzie.pl\/?page_id=3203"},"modified":"2025-09-12T10:34:47","modified_gmt":"2025-09-12T08:34:47","slug":"wojkowa-dubne","status":"publish","type":"page","link":"https:\/\/zapopradzie.pl\/index.php\/komunikacja-miejska\/wojkowa-dubne\/","title":{"rendered":"WOJKOWA &#8211; DUBNE"},"content":{"rendered":"<div class=\"table-1 \">\n<table width=\"383\">\n<tbody>\n<tr>\n<td width=\"127\">WOJKOWA &#8211; DUBNE<\/td>\n<td width=\"64\"><\/td>\n<td width=\"64\"><\/td>\n<td width=\"64\"><\/td>\n<td width=\"64\"><\/td>\n<\/tr>\n<tr>\n<td width=\"127\">Przystanek<\/td>\n<td>D<\/td>\n<td>D<\/td>\n<td>D<\/td>\n<td>D<\/td>\n<\/tr>\n<tr>\n<td width=\"127\">Wojkowa<\/td>\n<td><\/td>\n<td>11:50<\/td>\n<td><\/td>\n<td>16:40<\/td>\n<\/tr>\n<tr>\n<td width=\"127\">Wojkowa Skrzy\u017cowanie<\/td>\n<td><\/td>\n<td>11:51<\/td>\n<td><\/td>\n<td>16:41<\/td>\n<\/tr>\n<tr>\n<td width=\"127\">Powro\u017anik ZWIK<\/td>\n<td><\/td>\n<td>11:55<\/td>\n<td><\/td>\n<td>16:45<\/td>\n<\/tr>\n<tr>\n<td width=\"127\">Powro\u017anik II<\/td>\n<td><\/td>\n<td>11:57<\/td>\n<td><\/td>\n<td>20:47<\/td>\n<\/tr>\n<tr>\n<td width=\"127\">Powro\u017anik I<\/td>\n<td><\/td>\n<td>11:58<\/td>\n<td><\/td>\n<td>16:48<\/td>\n<\/tr>\n<tr>\n<td width=\"127\">Powro\u017anik<\/td>\n<td><\/td>\n<td>11:59<\/td>\n<td><\/td>\n<td>16:49<\/td>\n<\/tr>\n<tr>\n<td width=\"127\">Powro\u017anik Szko\u0142a<\/td>\n<td><\/td>\n<td>12:00<\/td>\n<td><\/td>\n<td>16:50<\/td>\n<\/tr>\n<tr>\n<td width=\"127\">Powro\u017anik PKP<\/td>\n<td><\/td>\n<td>12:01<\/td>\n<td><\/td>\n<td>16:51<\/td>\n<\/tr>\n<tr>\n<td>Muszyna Granica<\/td>\n<td><\/td>\n<td>12:02<\/td>\n<td><\/td>\n<td>16:52<\/td>\n<\/tr>\n<tr>\n<td>Muszyna Polna<\/td>\n<td><\/td>\n<td>12:04<\/td>\n<td><\/td>\n<td>16:54<\/td>\n<\/tr>\n<tr>\n<td width=\"127\">Jastrz\u0119bik II<\/td>\n<td><\/td>\n<td>12:06<\/td>\n<td><\/td>\n<td>16:56<\/td>\n<\/tr>\n<tr>\n<td width=\"127\">Jastrz\u0119bik I<\/td>\n<td><\/td>\n<td>12:08<\/td>\n<td><\/td>\n<td>16:58<\/td>\n<\/tr>\n<tr>\n<td width=\"127\">Jastrz\u0119bik Centrum<\/td>\n<td><\/td>\n<td>12:09<\/td>\n<td><\/td>\n<td>16:59<\/td>\n<\/tr>\n<tr>\n<td width=\"127\">Jastrz\u0119bik Skrzy\u017cowanie<\/td>\n<td><\/td>\n<td>12:10<\/td>\n<td><\/td>\n<td>17:00<\/td>\n<\/tr>\n<tr>\n<td width=\"127\">Z\u0142ockie I<\/td>\n<td><\/td>\n<td>12:13<\/td>\n<td><\/td>\n<td>17:03<\/td>\n<\/tr>\n<tr>\n<td>Z\u0142ockie Ko\u015bci\u00f3\u0142<\/td>\n<td><\/td>\n<td>12:15<\/td>\n<td><\/td>\n<td>17:05<\/td>\n<\/tr>\n<tr>\n<td width=\"127\">Z\u0142ockie RSP<\/td>\n<td><\/td>\n<td>12:16<\/td>\n<td><\/td>\n<td>17:06<\/td>\n<\/tr>\n<tr>\n<td width=\"127\">Z\u0142ockie Skrzy\u017cowanie<\/td>\n<td><\/td>\n<td>12:18<\/td>\n<td><\/td>\n<td>17:08<\/td>\n<\/tr>\n<tr>\n<td>Muszyna Zazamcze<\/td>\n<td><\/td>\n<td>12:19<\/td>\n<td><\/td>\n<td>17:09<\/td>\n<\/tr>\n<tr>\n<td>Muszyna W\u0105ska<\/td>\n<td>10:00<\/td>\n<td>12:23<\/td>\n<td>15:00<\/td>\n<td>17:13<\/td>\n<\/tr>\n<tr>\n<td>Muszyna Zefirka<\/td>\n<td>10:04<\/td>\n<td><\/td>\n<td>15:04<\/td>\n<td><\/td>\n<\/tr>\n<tr>\n<td>Muszyna Ogrodowa I<\/td>\n<td>10:05<\/td>\n<td><\/td>\n<td>15:05<\/td>\n<td><\/td>\n<\/tr>\n<tr>\n<td>Muszyna Ogrodowa II<\/td>\n<td>10:07<\/td>\n<td><\/td>\n<td>15:07<\/td>\n<td><\/td>\n<\/tr>\n<tr>\n<td>Muszyna Ogrodowa III<\/td>\n<td>10:08<\/td>\n<td><\/td>\n<td>15:08<\/td>\n<td><\/td>\n<\/tr>\n<tr>\n<td>Muszyna Pu\u0142askiego<\/td>\n<td>10:11<\/td>\n<td><\/td>\n<td>15:11<\/td>\n<td><\/td>\n<\/tr>\n<tr>\n<td>Muszyna Podg\u00f3rna<\/td>\n<td>10:14<\/td>\n<td><\/td>\n<td>15:14<\/td>\n<td><\/td>\n<\/tr>\n<tr>\n<td>Muszyna Wapienne<\/td>\n<td>10:19<\/td>\n<td><\/td>\n<td>15:19<\/td>\n<td><\/td>\n<\/tr>\n<tr>\n<td>Muszyna Majdan<\/td>\n<td>10:23<\/td>\n<td><\/td>\n<td>15:23<\/td>\n<td><\/td>\n<\/tr>\n<tr>\n<td>Leluch\u00f3w Granica<\/td>\n<td>10:25<\/td>\n<td><\/td>\n<td>15:25<\/td>\n<td><\/td>\n<\/tr>\n<tr>\n<td>Leluch\u00f3w Szko\u0142a<\/td>\n<td>10:26<\/td>\n<td><\/td>\n<td>15:26<\/td>\n<td><\/td>\n<\/tr>\n<tr>\n<td>Leluch\u00f3w<\/td>\n<td>10:27<\/td>\n<td><\/td>\n<td>15:27<\/td>\n<td><\/td>\n<\/tr>\n<tr>\n<td>Dubne I<\/td>\n<td>10:28<\/td>\n<td><\/td>\n<td>15:28<\/td>\n<td><\/td>\n<\/tr>\n<tr>\n<td>Dubne<\/td>\n<td>10:30<\/td>\n<td><\/td>\n<td>15:30<\/td>\n<td><\/td>\n<\/tr>\n<\/tbody>\n<\/table>\n<p><strong>D &#8211; kursuje w dni robocze<\/strong><\/p>\n","protected":false},"excerpt":{"rendered":"<p>WOJKOWA &#8211; DUBNE Przystanek D D D D Wojkowa 11:50  [&#8230;]<\/p>\n","protected":false},"author":1,"featured_media":0,"parent":3227,"menu_order":0,"comment_status":"closed","ping_status":"closed","template":"100-width.php","meta":{"footnotes":""},"class_list":["post-3203","page","type-page","status-publish","hentry"],"_links":{"self":[{"href":"https:\/\/zapopradzie.pl\/index.php\/wp-json\/wp\/v2\/pages\/3203","targetHints":{"allow":["GET"]}}],"collection":[{"href":"https:\/\/zapopradzie.pl\/index.php\/wp-json\/wp\/v2\/pages"}],"about":[{"href":"https:\/\/zapopradzie.pl\/index.php\/wp-json\/wp\/v2\/types\/page"}],"author":[{"embeddable":true,"href":"https:\/\/zapopradzie.pl\/index.php\/wp-json\/wp\/v2\/users\/1"}],"replies":[{"embeddable":true,"href":"https:\/\/zapopradzie.pl\/index.php\/wp-json\/wp\/v2\/comments?post=3203"}],"version-history":[{"count":8,"href":"https:\/\/zapopradzie.pl\/index.php\/wp-json\/wp\/v2\/pages\/3203\/revisions"}],"predecessor-version":[{"id":3261,"href":"https:\/\/zapopradzie.pl\/index.php\/wp-json\/wp\/v2\/pages\/3203\/revisions\/3261"}],"up":[{"embeddable":true,"href":"https:\/\/zapopradzie.pl\/index.php\/wp-json\/wp\/v2\/pages\/3227"}],"wp:attachment":[{"href":"https:\/\/zapopradzie.pl\/index.php\/wp-json\/wp\/v2\/media?parent=3203"}],"curies":[{"name":"wp","href":"https:\/\/api.w.org\/{rel}","templated":true}]}}